{"id":2,"date":"2009-10-05T18:29:17","date_gmt":"2009-10-05T16:29:17","guid":{"rendered":"http:\/\/www.athlestats.fr\/blog_uai_demi_fond\/?page_id=2"},"modified":"2025-08-27T16:50:42","modified_gmt":"2025-08-27T14:50:42","slug":"a-propos","status":"publish","type":"page","link":"https:\/\/www.athlestats.fr\/blog_uai_demi_fond\/?page_id=2","title":{"rendered":"Horaires d&rsquo;entra\u00eenements"},"content":{"rendered":"\n<h2 class=\"wp-block-heading\"><strong>Horaires d\u2019entra\u00eenements \u2013 Saison 2025-2026<\/strong><\/h2>\n\n\n\n<p><strong>Lundi \u2013 19h00-21h00 \u2013 1\/2 fond Jeunes (2012-2004)<\/strong><br><em>U16 \u2013 Minimes \/ U18 \u2013 Cadets \/ U20 \u2013 Juniors \/ U23 \u2013 Espoirs<\/em><br>S\u00e9ance avec Nadir<\/p>\n\n\n\n<p><strong>Lundi \u2013 20h15-22h15<\/strong><br><em>Seniors \/ <\/em><em>Masters<\/em><br>S\u00e9ance avec Cyril<\/p>\n\n\n\n<p><strong>Mardi \u2013 18h30-20h30 \u2013 S\u00e9ance Technique<\/strong><br><em>Pour toutes et tous<\/em><br>S\u00e9ance avec Oph\u00e9lie ou Nadir<\/p>\n\n\n\n<p><strong>Mercredi \u2013 19h-21h<\/strong><br><em>Pour toutes et tous<\/em><br>S\u00e9ance avec Cyril<\/p>\n\n\n\n<p><strong>Vendredi \u2013 18h30-20h30<\/strong><br><em>Pour toutes et tous<\/em><br>S\u00e9ance avec Oph\u00e9lie<\/p>\n\n\n\n<p><strong>Dimanche \u2013 10h30-12h30<\/strong><br><em>Accessible \u00e0 partir de Juniors<\/em> \/ U18<br>Rendez-vous Footing libre<br><strong>ou<\/strong><br><em>Pour toutes et tous<\/em><br>S\u00e9ance avec Oph\u00e9lie<\/p>\n","protected":false},"excerpt":{"rendered":"<p>Horaires d\u2019entra\u00eenements \u2013 Saison 2025-2026 Lundi \u2013 19h00-21h00 \u2013 1\/2 fond Jeunes (2012-2004)U16 \u2013 Minimes \/ U18 \u2013 Cadets \/ U20 \u2013 Juniors \/ U23 \u2013 EspoirsS\u00e9ance avec Nadir Lundi \u2013 20h15-22h15Seniors \/ MastersS\u00e9ance avec Cyril Mardi \u2013 18h30-20h30 \u2013 S\u00e9ance TechniquePour toutes et tousS\u00e9ance avec Oph\u00e9lie ou Nadir Mercredi \u2013 19h-21hPour toutes et tousS\u00e9ance [&hellip;]<\/p>\n","protected":false},"author":1,"featured_media":0,"parent":0,"menu_order":0,"comment_status":"closed","ping_status":"closed","template":"","meta":{"footnotes":""},"class_list":["post-2","page","type-page","status-publish","hentry"],"_links":{"self":[{"href":"https:\/\/www.athlestats.fr\/blog_uai_demi_fond\/index.php?rest_route=\/wp\/v2\/pages\/2"}],"collection":[{"href":"https:\/\/www.athlestats.fr\/blog_uai_demi_fond\/index.php?rest_route=\/wp\/v2\/pages"}],"about":[{"href":"https:\/\/www.athlestats.fr\/blog_uai_demi_fond\/index.php?rest_route=\/wp\/v2\/types\/page"}],"author":[{"embeddable":true,"href":"https:\/\/www.athlestats.fr\/blog_uai_demi_fond\/index.php?rest_route=\/wp\/v2\/users\/1"}],"replies":[{"embeddable":true,"href":"https:\/\/www.athlestats.fr\/blog_uai_demi_fond\/index.php?rest_route=%2Fwp%2Fv2%2Fcomments&post=2"}],"version-history":[{"count":51,"href":"https:\/\/www.athlestats.fr\/blog_uai_demi_fond\/index.php?rest_route=\/wp\/v2\/pages\/2\/revisions"}],"predecessor-version":[{"id":13461,"href":"https:\/\/www.athlestats.fr\/blog_uai_demi_fond\/index.php?rest_route=\/wp\/v2\/pages\/2\/revisions\/13461"}],"wp:attachment":[{"href":"https:\/\/www.athlestats.fr\/blog_uai_demi_fond\/index.php?rest_route=%2Fwp%2Fv2%2Fmedia&parent=2"}],"curies":[{"name":"wp","href":"https:\/\/api.w.org\/{rel}","templated":true}]}}

Horaires d&rsquo;entraînements

<h2 class="wp-block-heading"><strong>Horaires d’entraînements – Saison 2025-2026</strong></h2>



<p><strong>Lundi – 19h00-21h00 – 1/2 fond Jeunes (2012-2004)</strong><br><em>U16 – Minimes / U18 – Cadets / U20 – Juniors / U23 – Espoirs</em><br>Séance avec Nadir</p>



<p><strong>Lundi – 20h15-22h15</strong><br><em>Seniors / </em><em>Masters</em><br>Séance avec Cyril</p>



<p><strong>Mardi – 18h30-20h30 – Séance Technique</strong><br><em>Pour toutes et tous</em><br>Séance avec Ophélie ou Nadir</p>



<p><strong>Mercredi – 19h-21h</strong><br><em>Pour toutes et tous</em><br>Séance avec Cyril</p>



<p><strong>Vendredi – 18h30-20h30</strong><br><em>Pour toutes et tous</em><br>Séance avec Ophélie</p>



<p><strong>Dimanche – 10h30-12h30</strong><br><em>Accessible à partir de Juniors</em> / U18<br>Rendez-vous Footing libre<br><strong>ou</strong><br><em>Pour toutes et tous</em><br>Séance avec Ophélie</p>

<p>Horaires d’entraînements – Saison 2025-2026 Lundi – 19h00-21h00 – 1/2 fond Jeunes (2012-2004)U16 – Minimes / U18 – Cadets / U20 – Juniors / U23 – EspoirsSéance avec Nadir Lundi – 20h15-22h15Seniors / MastersSéance avec Cyril Mardi – 18h30-20h30 – Séance TechniquePour toutes et tousSéance avec Ophélie ou Nadir Mercredi – 19h-21hPour toutes et tousSéance [&hellip;]</p>
