{"id":132,"date":"2009-11-09T13:30:48","date_gmt":"2009-11-09T11:30:48","guid":{"rendered":"http:\/\/www.athlestats.fr\/blog_uai_demi_fond\/?page_id=132"},"modified":"2026-03-02T09:58:04","modified_gmt":"2026-03-02T08:58:04","slug":"calendrier","status":"publish","type":"page","link":"https:\/\/www.athlestats.fr\/blog_uai_demi_fond\/?page_id=132","title":{"rendered":"Calendrier 2025-2026"},"content":{"rendered":"\n<p><em>Le calendrier est en cours de finalisation et sera susceptible d\u2019\u00e9voluer. Les informations relatives au programme est aux inscriptions seront ajout\u00e9es r\u00e9guli\u00e8rement sur cette page.<\/em><\/p>\n\n\n\n<p><mark style=\"background-color:rgba(0, 0, 0, 0)\" class=\"has-inline-color has-vivid-green-cyan-color\">Comp\u00e9titions avec inscription et r\u00e8glement pris en charge par l&rsquo;UAI.<\/mark><\/p>\n\n\n\n<p><em>SAISON AUTOMNALE 2025-2026<\/em><\/p>\n\n\n\n<p><strong>28\/09\/2025 &#8211; <a href=\"http:\/\/la-nogent-baltard.fr\/wordpress\/\" target=\"_blank\" rel=\"noopener\">Organisation de La Nogent Baltard<\/a> &#8211; Nogent-sur-Marne<\/strong><br><strong><mark style=\"background-color:rgba(0, 0, 0, 0)\" class=\"has-inline-color has-vivid-green-cyan-color\">28\/09\/2025 &#8211; Tour Qualificatif pour la Coupe de France &#8211; Aulnay-sous-Bois<\/mark><\/strong><\/p>\n\n\n\n<p><strong>04\/10\/2025 &#8211; Meeting de Marche JESMa &#8211; Thiais<\/strong><\/p>\n\n\n\n<p><strong>12\/10\/2025 \u2013 Marche \u2013 Grand Prix de Lisses<br>Championnats d\u2019\u00cele-de-France de 20km Marche + 10km Juniors<\/strong><br><strong><mark style=\"background-color:rgba(0, 0, 0, 0)\" class=\"has-inline-color has-vivid-green-cyan-color\">12\/10\/2025 &#8211; 10km de Fontenay-sous-Bois (5km &amp; 10km) &#8211; Fontenay-sous-Bois<\/mark><\/strong><\/p>\n\n\n\n<p><strong><mark style=\"background-color:rgba(0, 0, 0, 0)\" class=\"has-inline-color has-vivid-green-cyan-color\">18-19\/10\/2025 &#8211; Coupe de France &#8211; Blois<\/mark><\/strong><\/p>\n\n\n\n<p><strong><mark style=\"background-color:rgba(0, 0, 0, 0)\" class=\"has-inline-color has-vivid-green-cyan-color\">09\/11\/2025 &#8211; Cross de Villejuif &#8211; Villejuif<\/mark><\/strong><\/p>\n\n\n\n<p><strong>11\/11\/2025 &#8211; Organisation du 20km Marche de Nogent &#8211; Nogent-sur-Marne<\/strong><\/p>\n\n\n\n<p><strong><mark style=\"background-color:rgba(0, 0, 0, 0)\" class=\"has-inline-color has-vivid-green-cyan-color\">16\/11\/2025 &#8211; Cross National du Val-de-Marne &#8211; Choisy-le-Roi<\/mark><\/strong><\/p>\n\n\n\n<p><strong>23\/11\/2025 &#8211; <a href=\"https:\/\/tremplin94-solidaritefemmes.org\/#cause\" data-type=\"link\" data-id=\"https:\/\/tremplin94-solidaritefemmes.org\/#cause\" target=\"_blank\" rel=\"noreferrer noopener\">La Mirabal (5km \/ 10km)<\/a> &#8211; Parc du Tremblay<\/strong><\/p>\n\n\n\n<p><strong><mark style=\"background-color:rgba(0, 0, 0, 0)\" class=\"has-inline-color has-vivid-green-cyan-color\">06\/12\/2025 &#8211; <a href=\"https:\/\/cdn.prod.website-files.com\/67c6ef04e0d02320414f9672\/68ff3ed925ab7595b5f5f0ff_Dptx_marche_1500_relais_2025_Athletica.pdf\" target=\"_blank\" rel=\"noreferrer noopener\">Championnats D\u00e9partementaux Piste Courte de Marche et de 1 500 m<\/a> &#8211;  Athl\u00e9tica-Eaubonne<\/mark><\/strong><br><strong><mark style=\"background-color:rgba(0, 0, 0, 0)\" class=\"has-inline-color has-vivid-green-cyan-color\">07\/12\/2025 &#8211; Sortie au Cross de Reims \u00ab\u00a0Challenge Michel Legeay\u00a0\u00bb &#8211; Reims<\/mark><\/strong><\/p>\n\n\n\n<p><strong><mark style=\"background-color:rgba(0, 0, 0, 0)\" class=\"has-inline-color has-vivid-green-cyan-color\">20-21\/12\/2025 &#8211; <a href=\"https:\/\/cdn.prod.website-files.com\/67c6ef04e0d02320414f9672\/68ff3f2d5c305fd393e47483_20251220_DPTX_salle_94_95_HORAIES_REGLEMENT.pdf\" data-type=\"link\" data-id=\"https:\/\/cdn.prod.website-files.com\/67c6ef04e0d02320414f9672\/68ff3f2d5c305fd393e47483_20251220_DPTX_salle_94_95_HORAIES_REGLEMENT.pdf\" target=\"_blank\" rel=\"noreferrer noopener\">Championnats D\u00e9partementaux Piste Courte (800m)<\/a> &#8211;  Athl\u00e9tica-Eaubonne<\/mark><\/strong><br><strong>21\/12\/2025 &#8211; <a href=\"https:\/\/www.ville-houilles.fr\/news\/2025\/inscriptions-pour-la-corrida-de-houilles-2025\/\" target=\"_blank\" rel=\"noreferrer noopener\">Corrida de Houilles (10km)<\/a> &#8211; Houilles<\/strong><\/p>\n\n\n\n<p><strong><mark style=\"background-color:rgba(0, 0, 0, 0)\" class=\"has-inline-color has-vivid-green-cyan-color\">10\/01\/2026 &#8211; <a href=\"https:\/\/www.lifa-athle.fr\/competition\/championnats-regionaux-de-marche-403\" target=\"_blank\" rel=\"noreferrer noopener\">Championnats R\u00e9gionaux de Marche<\/a> &#8211; Athl\u00e9tica-Eaubonne<\/mark><\/strong><br><strong><mark style=\"background-color:rgba(0, 0, 0, 0)\" class=\"has-inline-color has-vivid-green-cyan-color\">10\/01\/2026 &#8211; <a href=\"https:\/\/www.lifa-athle.fr\/competition\/championnats-regionaux-200-400-800m-es-se\" target=\"_blank\" rel=\"noreferrer noopener\">Championnats R\u00e9gionaux 800m ES-SE<\/a> &#8211; Athl\u00e9tica-Eaubonne<\/mark><\/strong><br><strong><mark style=\"background-color:rgba(0, 0, 0, 0)\" class=\"has-inline-color has-vivid-green-cyan-color\">11\/01\/2026 &#8211; D\u00e9partementaux de cross &#8211; Parc du Tremblay<\/mark><\/strong><\/p>\n\n\n\n<p><strong><mark style=\"background-color:rgba(0, 0, 0, 0)\" class=\"has-inline-color has-vivid-green-cyan-color\">17\/01\/2026 &#8211; <a href=\"https:\/\/www.lifa-athle.fr\/competition\/championnats-regionaux-de-800m-ca-ju-et-1500m-tc\" target=\"_blank\" rel=\"noreferrer noopener\">Championnats R\u00e9gionaux de 800m CA-JU et 1500m TC<\/a> &#8211; Athl\u00e9tica-Eaubonne<\/mark><\/strong><br><strong>17-18\/01\/2026 &#8211; <a href=\"https:\/\/athle.live\/challenge\/6924b473a76024287d28cdb4\" data-type=\"link\" data-id=\"https:\/\/athle.live\/challenge\/6924b473a76024287d28cdb4\" target=\"_blank\" rel=\"noreferrer noopener\">Meeting Tempo Run League Indoor<\/a> &#8211; Athl\u00e9tica-Eaubonne<\/strong><br><strong><mark style=\"background-color:rgba(0, 0, 0, 0)\" class=\"has-inline-color has-vivid-green-cyan-color\">18\/01\/2026 &#8211; <a href=\"https:\/\/athletisme.ess-sucy.fr\/18-janvier-2026-la-sagittaire\/\" data-type=\"link\" data-id=\"https:\/\/athletisme.ess-sucy.fr\/18-janvier-2026-la-sagittaire\/\" target=\"_blank\" rel=\"noreferrer noopener\">La Sagittaire (21km) &#8211; Championnats du 94 de Trail<\/a> &#8211; Sucy-en-Brie<\/mark><\/strong><\/p>\n\n\n\n<p><strong><mark style=\"background-color:rgba(0, 0, 0, 0)\" class=\"has-inline-color has-vivid-green-cyan-color\">01\/02\/2026 &#8211; Championnats R\u00e9gionaux de cross-country \/ IDF Zone Est &#8211; Meaux<\/mark><\/strong><\/p>\n\n\n\n<p><strong><mark style=\"background-color:rgba(0, 0, 0, 0)\" class=\"has-inline-color has-vivid-green-cyan-color\">15\/02\/2026 &#8211; Championnats d&rsquo;\u00cele-de-France de cross &#8211; Bussy-Saint-Martin<\/mark><\/strong><\/p>\n\n\n\n<p><strong><mark style=\"background-color:rgba(0, 0, 0, 0)\" class=\"has-inline-color has-vivid-green-cyan-color\">22\/02\/2026 &#8211; <a href=\"https:\/\/www.lesfouleescharentonnaises.fr\/\" data-type=\"link\" data-id=\"https:\/\/www.lesfouleescharentonnaises.fr\/\" target=\"_blank\" rel=\"noreferrer noopener\">Foul\u00e9es Charentonnaises (5km et 15km)<\/a> &#8211; Charenton-le-Pont<\/mark><\/strong><\/p>\n\n\n\n<p><strong>27-28\/02\/2026 &#8211; <a href=\"https:\/\/www.athlestats.fr\/blog_uai_demi_fond\/?p=13598\">Organisation des Championnats de France de para cross adapt\u00e9 2026<\/a> &#8211; Parc du Tremblay<\/strong><\/p>\n\n\n\n<p><strong><mark style=\"background-color:rgba(0, 0, 0, 0)\" class=\"has-inline-color has-vivid-green-cyan-color\">07-08\/03\/2026 &#8211; <a href=\"https:\/\/www.athle.fr\/contenu\/championnats-de-france-de-cross-country-2026-carhaix\/7126\" data-type=\"link\" data-id=\"https:\/\/www.athle.fr\/contenu\/championnats-de-france-de-cross-country-2026-carhaix\/7126\" target=\"_blank\" rel=\"noreferrer noopener\">Championnats de France de Cross-Country<\/a> &#8211; Carhaix<\/mark><\/strong><\/p>\n\n\n\n<p><strong><mark style=\"background-color:rgba(0, 0, 0, 0)\" class=\"has-inline-color has-vivid-green-cyan-color\">29\/03\/2026 &#8211; <a href=\"https:\/\/www.c2a-athletisme.com\/en-savoir-plus\/presentation-90134\" data-type=\"link\" data-id=\"https:\/\/www.c2a-athletisme.com\/en-savoir-plus\/presentation-90134\" target=\"_blank\" rel=\"noreferrer noopener\">La foul\u00e9e d\u2019Aubergenville<\/a> (10km) &#8211; Aubergenville<\/mark><\/strong><br><strong><mark style=\"background-color:rgba(0, 0, 0, 0)\" class=\"has-inline-color has-vivid-green-cyan-color\">29\/03\/2026 &#8211; <a href=\"https:\/\/www.cdathle94.fr\/competitions\/les-500m-de-gravelle\" data-type=\"link\" data-id=\"https:\/\/www.c2a-athletisme.com\/en-savoir-plus\/presentation-90134\" target=\"_blank\" rel=\"noreferrer noopener\">Les 500m de Gravelle<\/a> (Course de c\u00f4te) &#8211; Saint-Maurice<\/mark><\/strong><\/p>\n\n\n\n<p><strong><mark style=\"background-color:rgba(0, 0, 0, 0)\" class=\"has-inline-color has-vivid-green-cyan-color\">05\/04\/2026 &#8211; <a href=\"https:\/\/www.roissypaysdefrance.fr\/ekiden\" data-type=\"link\" data-id=\"https:\/\/www.c2a-athletisme.com\/en-savoir-plus\/presentation-90134\" target=\"_blank\" rel=\"noreferrer noopener\">Ekiden de Roissy<\/a> &#8211; Roissy-en-France<\/mark><\/strong><\/p>\n\n\n\n<p><strong><mark style=\"background-color:rgba(0, 0, 0, 0)\" class=\"has-inline-color has-vivid-green-cyan-color\">12\/04\/2026 &#8211; <a href=\"https:\/\/acpj.athle.fr\/asp.net\/espaces.html\/html.aspx?id=50676\" data-type=\"link\" data-id=\"https:\/\/acpj.athle.fr\/asp.net\/espaces.html\/html.aspx?id=50676\" target=\"_blank\" rel=\"noreferrer noopener\">Le Semi-Marathon de Joinville<\/a> (Semi-marathon &amp; Organisation) &#8211; Joinville-le-Pont<\/mark><\/strong><\/p>\n\n\n\n<p>&#8211; <strong>Stage d\u2019athl\u00e9tisme du 23 au 30 avril 2026 &#8211;<\/strong><\/p>\n\n\n\n<p><strong><mark style=\"background-color:rgba(0, 0, 0, 0)\" class=\"has-inline-color has-vivid-green-cyan-color\">10\/05\/2026 &#8211; <a href=\"https:\/\/www.athle.fr\/contenu\/championnats-de-france-du-10-km-2026-troyes-g-e\/7114\" data-type=\"link\" data-id=\"https:\/\/www.athle.fr\/contenu\/championnats-de-france-de-cross-country-2026-carhaix\/7126\" target=\"_blank\" rel=\"noreferrer noopener\">Championnats de France du 10km<\/a> &#8211; Troyes<\/mark><\/strong><\/p>\n\n\n\n<p><strong>24\/05\/2026 &#8211; <a href=\"https:\/\/maisons-alfort.fr\/la-maisonnaise-revient-le-24-mai-2026-inscrivez-vous\/\" target=\"_blank\" rel=\"noreferrer noopener\">La Maisonnaise (10km et Semi)<\/a> &#8211; Maisons-Alfort<\/strong><\/p>\n\n\n\n<p><strong><mark style=\"background-color:rgba(0, 0, 0, 0)\" class=\"has-inline-color has-vivid-green-cyan-color\">27\/06\/2026 &#8211; <a href=\"https:\/\/www.athlestats.fr\/blog_uai_demi_fond\/?p=13635\">Sortie Trail de La Vall\u00e9e des Lacs<\/a> &#8211; G\u00e9rardmer<\/mark><\/strong><\/p>\n\n\n\n<p><strong>14\/06\/2026 &#8211; <a href=\"https:\/\/foulees.samparis12.org\/\" target=\"_blank\" rel=\"noreferrer noopener\">Foul\u00e9es du 12\u00e8me (5km et 10km)<\/a> &#8211; Bois de Vincennes<\/strong><\/p>\n","protected":false},"excerpt":{"rendered":"<p>Le calendrier est en cours de finalisation et sera susceptible d\u2019\u00e9voluer. Les informations relatives au programme est aux inscriptions seront ajout\u00e9es r\u00e9guli\u00e8rement sur cette page. Comp\u00e9titions avec inscription et r\u00e8glement pris en charge par l&rsquo;UAI. SAISON AUTOMNALE 2025-2026 28\/09\/2025 &#8211; Organisation de La Nogent Baltard &#8211; Nogent-sur-Marne28\/09\/2025 &#8211; Tour Qualificatif pour la Coupe de France [&hellip;]<\/p>\n","protected":false},"author":2,"featured_media":0,"parent":0,"menu_order":0,"comment_status":"closed","ping_status":"closed","template":"","meta":{"footnotes":""},"class_list":["post-132","page","type-page","status-publish","hentry"],"_links":{"self":[{"href":"https:\/\/www.athlestats.fr\/blog_uai_demi_fond\/index.php?rest_route=\/wp\/v2\/pages\/132"}],"collection":[{"href":"https:\/\/www.athlestats.fr\/blog_uai_demi_fond\/index.php?rest_route=\/wp\/v2\/pages"}],"about":[{"href":"https:\/\/www.athlestats.fr\/blog_uai_demi_fond\/index.php?rest_route=\/wp\/v2\/types\/page"}],"author":[{"embeddable":true,"href":"https:\/\/www.athlestats.fr\/blog_uai_demi_fond\/index.php?rest_route=\/wp\/v2\/users\/2"}],"replies":[{"embeddable":true,"href":"https:\/\/www.athlestats.fr\/blog_uai_demi_fond\/index.php?rest_route=%2Fwp%2Fv2%2Fcomments&post=132"}],"version-history":[{"count":400,"href":"https:\/\/www.athlestats.fr\/blog_uai_demi_fond\/index.php?rest_route=\/wp\/v2\/pages\/132\/revisions"}],"predecessor-version":[{"id":13738,"href":"https:\/\/www.athlestats.fr\/blog_uai_demi_fond\/index.php?rest_route=\/wp\/v2\/pages\/132\/revisions\/13738"}],"wp:attachment":[{"href":"https:\/\/www.athlestats.fr\/blog_uai_demi_fond\/index.php?rest_route=%2Fwp%2Fv2%2Fmedia&parent=132"}],"curies":[{"name":"wp","href":"https:\/\/api.w.org\/{rel}","templated":true}]}}

<p><em>Le calendrier est en cours de finalisation et sera susceptible d’évoluer. Les informations relatives au programme est aux inscriptions seront ajoutées régulièrement sur cette page.</em></p>



<p><mark style="background-color:rgba(0, 0, 0, 0)" class="has-inline-color has-vivid-green-cyan-color">Compétitions avec inscription et règlement pris en charge par l&rsquo;UAI.</mark></p>



<p><em>SAISON AUTOMNALE 2025-2026</em></p>



<p><strong>28/09/2025 &#8211; <a href="http://la-nogent-baltard.fr/wordpress/" target="_blank" rel="noopener">Organisation de La Nogent Baltard</a> &#8211; Nogent-sur-Marne</strong><br><strong><mark style="background-color:rgba(0, 0, 0, 0)" class="has-inline-color has-vivid-green-cyan-color">28/09/2025 &#8211; Tour Qualificatif pour la Coupe de France &#8211; Aulnay-sous-Bois</mark></strong></p>



<p><strong>04/10/2025 &#8211; Meeting de Marche JESMa &#8211; Thiais</strong></p>



<p><strong>12/10/2025 – Marche – Grand Prix de Lisses<br>Championnats d’Île-de-France de 20km Marche + 10km Juniors</strong><br><strong><mark style="background-color:rgba(0, 0, 0, 0)" class="has-inline-color has-vivid-green-cyan-color">12/10/2025 &#8211; 10km de Fontenay-sous-Bois (5km &amp; 10km) &#8211; Fontenay-sous-Bois</mark></strong></p>



<p><strong><mark style="background-color:rgba(0, 0, 0, 0)" class="has-inline-color has-vivid-green-cyan-color">18-19/10/2025 &#8211; Coupe de France &#8211; Blois</mark></strong></p>



<p><strong><mark style="background-color:rgba(0, 0, 0, 0)" class="has-inline-color has-vivid-green-cyan-color">09/11/2025 &#8211; Cross de Villejuif &#8211; Villejuif</mark></strong></p>



<p><strong>11/11/2025 &#8211; Organisation du 20km Marche de Nogent &#8211; Nogent-sur-Marne</strong></p>



<p><strong><mark style="background-color:rgba(0, 0, 0, 0)" class="has-inline-color has-vivid-green-cyan-color">16/11/2025 &#8211; Cross National du Val-de-Marne &#8211; Choisy-le-Roi</mark></strong></p>



<p><strong>23/11/2025 &#8211; <a href="https://tremplin94-solidaritefemmes.org/#cause" data-type="link" data-id="https://tremplin94-solidaritefemmes.org/#cause" target="_blank" rel="noreferrer noopener">La Mirabal (5km / 10km)</a> &#8211; Parc du Tremblay</strong></p>



<p><strong><mark style="background-color:rgba(0, 0, 0, 0)" class="has-inline-color has-vivid-green-cyan-color">06/12/2025 &#8211; <a href="https://cdn.prod.website-files.com/67c6ef04e0d02320414f9672/68ff3ed925ab7595b5f5f0ff_Dptx_marche_1500_relais_2025_Athletica.pdf" target="_blank" rel="noreferrer noopener">Championnats Départementaux Piste Courte de Marche et de 1 500 m</a> &#8211;  Athlética-Eaubonne</mark></strong><br><strong><mark style="background-color:rgba(0, 0, 0, 0)" class="has-inline-color has-vivid-green-cyan-color">07/12/2025 &#8211; Sortie au Cross de Reims « Challenge Michel Legeay » &#8211; Reims</mark></strong></p>



<p><strong><mark style="background-color:rgba(0, 0, 0, 0)" class="has-inline-color has-vivid-green-cyan-color">20-21/12/2025 &#8211; <a href="https://cdn.prod.website-files.com/67c6ef04e0d02320414f9672/68ff3f2d5c305fd393e47483_20251220_DPTX_salle_94_95_HORAIES_REGLEMENT.pdf" data-type="link" data-id="https://cdn.prod.website-files.com/67c6ef04e0d02320414f9672/68ff3f2d5c305fd393e47483_20251220_DPTX_salle_94_95_HORAIES_REGLEMENT.pdf" target="_blank" rel="noreferrer noopener">Championnats Départementaux Piste Courte (800m)</a> &#8211;  Athlética-Eaubonne</mark></strong><br><strong>21/12/2025 &#8211; <a href="https://www.ville-houilles.fr/news/2025/inscriptions-pour-la-corrida-de-houilles-2025/" target="_blank" rel="noreferrer noopener">Corrida de Houilles (10km)</a> &#8211; Houilles</strong></p>



<p><strong><mark style="background-color:rgba(0, 0, 0, 0)" class="has-inline-color has-vivid-green-cyan-color">10/01/2026 &#8211; <a href="https://www.lifa-athle.fr/competition/championnats-regionaux-de-marche-403" target="_blank" rel="noreferrer noopener">Championnats Régionaux de Marche</a> &#8211; Athlética-Eaubonne</mark></strong><br><strong><mark style="background-color:rgba(0, 0, 0, 0)" class="has-inline-color has-vivid-green-cyan-color">10/01/2026 &#8211; <a href="https://www.lifa-athle.fr/competition/championnats-regionaux-200-400-800m-es-se" target="_blank" rel="noreferrer noopener">Championnats Régionaux 800m ES-SE</a> &#8211; Athlética-Eaubonne</mark></strong><br><strong><mark style="background-color:rgba(0, 0, 0, 0)" class="has-inline-color has-vivid-green-cyan-color">11/01/2026 &#8211; Départementaux de cross &#8211; Parc du Tremblay</mark></strong></p>



<p><strong><mark style="background-color:rgba(0, 0, 0, 0)" class="has-inline-color has-vivid-green-cyan-color">17/01/2026 &#8211; <a href="https://www.lifa-athle.fr/competition/championnats-regionaux-de-800m-ca-ju-et-1500m-tc" target="_blank" rel="noreferrer noopener">Championnats Régionaux de 800m CA-JU et 1500m TC</a> &#8211; Athlética-Eaubonne</mark></strong><br><strong>17-18/01/2026 &#8211; <a href="https://athle.live/challenge/6924b473a76024287d28cdb4" data-type="link" data-id="https://athle.live/challenge/6924b473a76024287d28cdb4" target="_blank" rel="noreferrer noopener">Meeting Tempo Run League Indoor</a> &#8211; Athlética-Eaubonne</strong><br><strong><mark style="background-color:rgba(0, 0, 0, 0)" class="has-inline-color has-vivid-green-cyan-color">18/01/2026 &#8211; <a href="https://athletisme.ess-sucy.fr/18-janvier-2026-la-sagittaire/" data-type="link" data-id="https://athletisme.ess-sucy.fr/18-janvier-2026-la-sagittaire/" target="_blank" rel="noreferrer noopener">La Sagittaire (21km) &#8211; Championnats du 94 de Trail</a> &#8211; Sucy-en-Brie</mark></strong></p>



<p><strong><mark style="background-color:rgba(0, 0, 0, 0)" class="has-inline-color has-vivid-green-cyan-color">01/02/2026 &#8211; Championnats Régionaux de cross-country / IDF Zone Est &#8211; Meaux</mark></strong></p>



<p><strong><mark style="background-color:rgba(0, 0, 0, 0)" class="has-inline-color has-vivid-green-cyan-color">15/02/2026 &#8211; Championnats d&rsquo;Île-de-France de cross &#8211; Bussy-Saint-Martin</mark></strong></p>



<p><strong><mark style="background-color:rgba(0, 0, 0, 0)" class="has-inline-color has-vivid-green-cyan-color">22/02/2026 &#8211; <a href="https://www.lesfouleescharentonnaises.fr/" data-type="link" data-id="https://www.lesfouleescharentonnaises.fr/" target="_blank" rel="noreferrer noopener">Foulées Charentonnaises (5km et 15km)</a> &#8211; Charenton-le-Pont</mark></strong></p>



<p><strong>27-28/02/2026 &#8211; <a href="https://www.athlestats.fr/blog_uai_demi_fond/?p=13598">Organisation des Championnats de France de para cross adapté 2026</a> &#8211; Parc du Tremblay</strong></p>



<p><strong><mark style="background-color:rgba(0, 0, 0, 0)" class="has-inline-color has-vivid-green-cyan-color">07-08/03/2026 &#8211; <a href="https://www.athle.fr/contenu/championnats-de-france-de-cross-country-2026-carhaix/7126" data-type="link" data-id="https://www.athle.fr/contenu/championnats-de-france-de-cross-country-2026-carhaix/7126" target="_blank" rel="noreferrer noopener">Championnats de France de Cross-Country</a> &#8211; Carhaix</mark></strong></p>



<p><strong><mark style="background-color:rgba(0, 0, 0, 0)" class="has-inline-color has-vivid-green-cyan-color">29/03/2026 &#8211; <a href="https://www.c2a-athletisme.com/en-savoir-plus/presentation-90134" data-type="link" data-id="https://www.c2a-athletisme.com/en-savoir-plus/presentation-90134" target="_blank" rel="noreferrer noopener">La foulée d’Aubergenville</a> (10km) &#8211; Aubergenville</mark></strong><br><strong><mark style="background-color:rgba(0, 0, 0, 0)" class="has-inline-color has-vivid-green-cyan-color">29/03/2026 &#8211; <a href="https://www.cdathle94.fr/competitions/les-500m-de-gravelle" data-type="link" data-id="https://www.c2a-athletisme.com/en-savoir-plus/presentation-90134" target="_blank" rel="noreferrer noopener">Les 500m de Gravelle</a> (Course de côte) &#8211; Saint-Maurice</mark></strong></p>



<p><strong><mark style="background-color:rgba(0, 0, 0, 0)" class="has-inline-color has-vivid-green-cyan-color">05/04/2026 &#8211; <a href="https://www.roissypaysdefrance.fr/ekiden" data-type="link" data-id="https://www.c2a-athletisme.com/en-savoir-plus/presentation-90134" target="_blank" rel="noreferrer noopener">Ekiden de Roissy</a> &#8211; Roissy-en-France</mark></strong></p>



<p><strong><mark style="background-color:rgba(0, 0, 0, 0)" class="has-inline-color has-vivid-green-cyan-color">12/04/2026 &#8211; <a href="https://acpj.athle.fr/asp.net/espaces.html/html.aspx?id=50676" data-type="link" data-id="https://acpj.athle.fr/asp.net/espaces.html/html.aspx?id=50676" target="_blank" rel="noreferrer noopener">Le Semi-Marathon de Joinville</a> (Semi-marathon &amp; Organisation) &#8211; Joinville-le-Pont</mark></strong></p>



<p>&#8211; <strong>Stage d’athlétisme du 23 au 30 avril 2026 &#8211;</strong></p>



<p><strong><mark style="background-color:rgba(0, 0, 0, 0)" class="has-inline-color has-vivid-green-cyan-color">10/05/2026 &#8211; <a href="https://www.athle.fr/contenu/championnats-de-france-du-10-km-2026-troyes-g-e/7114" data-type="link" data-id="https://www.athle.fr/contenu/championnats-de-france-de-cross-country-2026-carhaix/7126" target="_blank" rel="noreferrer noopener">Championnats de France du 10km</a> &#8211; Troyes</mark></strong></p>



<p><strong>24/05/2026 &#8211; <a href="https://maisons-alfort.fr/la-maisonnaise-revient-le-24-mai-2026-inscrivez-vous/" target="_blank" rel="noreferrer noopener">La Maisonnaise (10km et Semi)</a> &#8211; Maisons-Alfort</strong></p>



<p><strong><mark style="background-color:rgba(0, 0, 0, 0)" class="has-inline-color has-vivid-green-cyan-color">27/06/2026 &#8211; <a href="https://www.athlestats.fr/blog_uai_demi_fond/?p=13635">Sortie Trail de La Vallée des Lacs</a> &#8211; Gérardmer</mark></strong></p>



<p><strong>14/06/2026 &#8211; <a href="https://foulees.samparis12.org/" target="_blank" rel="noreferrer noopener">Foulées du 12ème (5km et 10km)</a> &#8211; Bois de Vincennes</strong></p>

<p>Le calendrier est en cours de finalisation et sera susceptible d’évoluer. Les informations relatives au programme est aux inscriptions seront ajoutées régulièrement sur cette page. Compétitions avec inscription et règlement pris en charge par l&rsquo;UAI. SAISON AUTOMNALE 2025-2026 28/09/2025 &#8211; Organisation de La Nogent Baltard &#8211; Nogent-sur-Marne28/09/2025 &#8211; Tour Qualificatif pour la Coupe de France [&hellip;]</p>
